p) = -17*p + 132. Let v(b) = 11*l(b) - 2*q(b). What is the units digit of v(0)?
2
Suppose -5*b = 25, i + 0*b - 2*b - 456 = 0. Suppose 1010 + i = -2*o. What is the tens digit of (-4)/12 - o/6?
2
Suppose -4*a + 3 = -q + 5, -4*a + 2 = q. Suppose 8 = 2*m + 4*c, 5*c = 5*m - 9*m + 13. What is the tens digit of q*(-4 - (-71)/m)?
6
Let k(s) = -668*s + 503. What is the hundreds digit of k(-53)?
9
What is the ten thousands digit of (-4)/(-2) + 1/5 + 496345/25?
1
Let n(d) = -4*d**2 - 19*d + 26. Let v(f) = -7*f**2 - 37*f + 51. Let t(o) = 11*n(o) - 6*v(o). Let q be t(5). What is the tens digit of (-985)/q + (-3)/3?
9
Let w(h) = -h**3 + 11*h - 11. Let g be w(-4). Suppose 2443 = 4*d + 3*v, 2*d + 13*v = g*v + 1214. What is the units digit of d?
3
Let b(y) = -31*y - 21. Suppose -11*w - 153 + 21 = 0. What is the tens digit of b(w)?
5
Suppose -362*b = -353*b + 36. What is the units digit of 2124/60 + b/10?
5
Suppose 6*v - v - 3780 = 0. Suppose -542 + 659 = 9*y. Suppose y*s - 167 - v = 0. What is the units digit of s?
1
Let b = 0 - -1. Let h be -4 - (b + (-65)/5). What is the hundreds digit of 2/h + (-1094)/(-8) + -2?
1
Suppose 0 = -17*f - 9*f + 113854. Suppose 41450 = 27*d + f. What is the units digit of d?
3
Suppose 0 = -4*x - 42 + 54. Suppose -x*n - 2*n = -1460. What is the tens digit of n?
9
Suppose 34*s + 33*s - 1208070 = 5*s. What is the hundreds digit of s?
4
Suppose -31*k + 40*k = 7857. Let o(z) = -z**3 + 18*z**2 - 16*z + 15. Let w be o(12). Suppose -k - w = -13*s. What is the hundreds digit of s?
1
Let i = 981 + -618. Let p = -212 + i. What is the hundreds digit of p?
1
Let m = -9948 + 11339. What is the tens digit of m?
9
Suppose -12*b = -14*b + 68. Suppose 0 = b*o - 4979 - 15931. What is the hundreds digit of o?
6
Let o = 5 + 0. Let k(v) = -v**2 - 13*v - 35. Let g be k(-8). Suppose g*y = 4*f + 170, 2*y = -o*f + 4*f + 81. What is the units digit of y?
8
Suppose -2*z + x + 1 + 6 = 0, -17 = -5*z + 3*x. Let c be 0/(0 - (z - 2)). What is the tens digit of 54 + (3 - (-3)/(-9)*c)?
5
Suppose -107 = 2*o - 3*w, 41 = -o - 0*o - w. Suppose 0 = -2*j - 8, 4*j + 15 = v - j. What is the units digit of o/(v/(-10)*-1)?
2
Let i(k) = -4*k + 6. Let j be i(-9). Let n = -32 + j. Suppose 1 = -9*g + n*g. What is the units digit of g?
1
Let l = -23787 - -37064. What is the ten thousands digit of l?
1
Suppose 215*z - 227117 = 140097 + 840441. What is the thousands digit of z?
5
Suppose 1520 = 8*a + 96. Let n = a - -56. Suppose 3*h - 336 = -3*v, 5*v - 2*h = 312 + n. What is the units digit of v?
0
Let j be (-9)/(-27)*(2 - -229) - -3. Suppose j - 1836 = -4*t. What is the units digit of t?
9
Suppose 34 - 31 = u. Suppose -2*p + 2*l = -l - 13, -u*l = 9. Suppose -84 = -p*f + 306. What is the hundreds digit of f?
1
Suppose 5*i = 14*i + 54. What is the hundreds digit of ((-4)/i)/((-22130)/3162 + 7)?
5
Suppose 253*f + 10472 = 264*f. Let b = f - 506. What is the hundreds digit of b?
4
Let t = 279 + -273. Suppose t*b - 2*b = i + 352, 0 = -4*i. What is the tens digit of b?
8
Let y be (1 + -1 - -1)/(67/174937). What is the tens digit of (3/(42/y))/((-1)/(-2))?
7
What is the thousands digit of (8/(-16))/((-13)/(-13) - 29877/29876)?
4
Suppose -36193 - 16946 = -5*x - q, 3*q - 31881 = -3*x. What is the hundreds digit of x?
6
Suppose -30*z = 149 + 91. What is the tens digit of ((-21511)/(-28) - 2) + 2/z?
6
Suppose 5*h - u - 227 = h, -271 = -5*h - 3*u. Suppose -12*y + h = 2*y. Suppose -2*o + 6*k + 128 = 8*k, -y*o + 2*k + 256 = 0. What is the units digit of o?
4
Let y = 7034 - 1727. What is the hundreds digit of y?
3
Let x be 4*(-18)/(-4) - (0 - -1). Suppose s = x*s - 5200. What is the hundreds digit of s?
3
What is the hundreds digit of 194/(-20)*68*5580/(-72)?
1
Suppose -2*n + 3*n - 8 = -2*i, -i + 2*n - 1 = 0. Let p = 235 - 233. Suppose -i*b = 5*a + p*b - 250, 0 = -5*a + 2*b + 250. What is the tens digit of a?
5
Suppose -72 = -p + 6*r - 3*r, -2*p + 3*r = -135. Let b = p - 61. Suppose -147 = -b*t + 11. What is the units digit of t?
9
Let b be (-10 + -178)*1/2. Let h = -84 - b. What is the hundreds digit of ((-2)/(-8))/(h/8440)?
2
Let s(p) = 1959*p**2 + 161*p - 324. What is the thousands digit of s(2)?
7
Let n(d) = -18353*d - 554. What is the units digit of n(-1)?
9
Suppose n - 46 = 3*b, -54 = -n - 8*b + 9*b. Suppose -466 = -2*s + n. What is the units digit of s?
2
What is the hundreds digit of -8 + (2 - -11) - 4*-9993?
9
Let k = 27145 + -16450. What is the units digit of k?
5
Let k = 26720 - -41614. What is the hundreds digit of k?
3
Let d(r) = -21*r + 7*r + 239*r**2 + 6*r + 7*r. What is the hundreds digit of d(-1)?
2
Let b = -19 + 21. Suppose 0 = -4*x + 3*g + 321, 0*x - 4*g - 148 = -b*x. Suppose x = 4*c - 404. What is the hundreds digit of c?
1
Let c = 160051 + -113794. What is the units digit of c?
7
Suppose -102*l = -101*l - 7. What is the tens digit of (-9)/2*(-153 - l - -6)?
9
Let x be (5 + -9 - (0 + 11))/(-1). What is the tens digit of (4 + -1)/(11/(50270/x))?
1
Suppose -3*x - 3*g = -8*x + 334, 0 = -4*x + 4*g + 272. Suppose 4*k = -7 - x. Let j = 32 - k. What is the tens digit of j?
5
Let v = 11088 + -4932. What is the tens digit of v?
5
Suppose -88267 = -56*p - 2094 + 1105955. What is the ten thousands digit of p?
2
What is the thousands digit of 51950/36 - 122/2196?
1
Let f be (40/(-25))/(2/(-5)). What is the tens digit of 1*(0 + f) - -216?
2
Suppose -9*i = 11*i - 420. What is the hundreds digit of (22 - i)/(1/358)?
3
Suppose 126*o - 35600 = 125*o. What is the hundreds digit of o?
6
Let f(m) be the first derivative of 5*m - 1/4*m**4 + 15 - 6*m**2 - 13/3*m**3. What is the units digit of f(-12)?
5
Let i(l) = -9417*l + 53. What is the units digit of i(-1)?
0
Let s(y) be the third derivative of -15*y**4/8 - y**3/6 - 50*y**2. Let v be s(-1). What is the hundreds digit of (869/v)/((-3)/(-24))?
1
Let i = 244 + 293. Suppose 0 = -6*l + 549 + i. What is the tens digit of l?
8
Suppose -5*z + 3*x + 44 = 0, -2*x = -z + 3*x. What is the units digit of (16988/(-155))/((-4)/z)?
4
Suppose 2803691 = 268*p - 109*p - 112*p. What is the units digit of p?
3
Let p(r) = 1887*r**2 + 15*r + 24. What is the tens digit of p(-2)?
4
What is the tens digit of (2/(-5) - (-1197)/(-45))*(-2612 - 75)?
4
Suppose -92 + 20 = -12*x. Let n be (462/5)/(3/10). Suppose -n - 250 = -x*c. What is the units digit of c?
3
Suppose -2*s + 5 = -59. Suppose z = i + 8, -2*i + 1463 = 1459. Suppose -z = -h + s. What is the tens digit of h?
4
Let q = 15724 - 4854. What is the tens digit of q?
7
Let b(m) = 2*m + 5. Let p be b(-7). Let l(t) = -13 + 33 - 4*t + 18*t**2 - 9 + t**3 - 7*t**2 - 6*t. What is the hundreds digit of l(p)?
2
Suppose -4*p - 818*c = -815*c - 92372, -p + 23094 = c. What is the hundreds digit of p?
0
Let p = -103 + 85. What is the hundreds digit of -402*(-3 - 48/p)?
1
What is the tens digit of (-2)/(-4)*(-350512)/(-19)?
2
Let j = -188 + 168. What is the hundreds digit of j/35 - ((-2066)/14 + 0)?
1
Let u = -37357 - -65019. What is the units digit of u?
2
Suppose 50710 = 2*v - 4*i, -4*v + 95894 + 5559 = 3*i. What is the thousands digit of v?
5
Let i = -72462 + 133946. What is the tens digit of i?
8
Let r(i) be the first derivative of i**4/2 - 2*i**3/3 - i**2/2 - i + 66. What is the tens digit of r(3)?
3
Suppose -2*c = -8, 5*i - c - 4341 = -5*c. Suppose 4*m - 2040 = 2*w, 3*m + w - i = 675. What is the units digit of m?
2
Let j(t) = -279*t**3 + 2*t**2 + t + 3. Let o(x) = -558*x**3 + 4*x**2 + x + 6. Let w(c) = 7*j(c) - 3*o(c). What is the tens digit of w(-1)?
8
Suppose 3*o = -r + 51768 + 8561, 45 = -5*o. What is the thousands digit of r?
0
Suppose -10*d - o - 3150 = -11*d, 5*o = -3*d + 9426. What is the hundreds digit of (-24)/(-10)*(3 - d/(-6))?
2
Let j = -4111 - -6606. Suppose 7*f - j + 101 = 0. What is the hundreds digit of f?
3
Let p be (-2)/8 - (-18845)/(-20)*-1. Let y = p - 1780. What is the tens digit of y/(-8) + 2/16*-6?
0
Let m be 6/(-8) - (-75)/20. Let v(b) = -4*b + 10. Let g be v(m). What is the tens digit of (-18)/(-27)*(-2 + (-241)/g)?
7
Suppose 17 = 3*h - 4*g, -8*g = -5*h - 3*g + 25. Let r be (-1*3/(-9))/(h/(-1233)). Let w = -56 - r. What is the tens digit of w?
8
Suppose -c - 7*k - 578 = -23094, -67728 = -3*c - k. What is the thousands digit of c?
2
Suppose -300 = 11*q - 21*q. What is the hundreds digit of (-14478